mainder when b is divided by 7?
4
Suppose -5*y - 810 = -2*y. Let k = -187 - y. Calculate the remainder when k is divided by 21.
20
Suppose -6 = -2*x, 15 = f + f - 3*x. What is the remainder when f*(-7)/((-21)/10) is divided by 21?
19
Let h = -37 - -100. Let f(r) = -r**3 + 3*r**2 + 16*r - 35. What is the remainder when h is divided by f(4)?
11
Calculate the remainder when 4/16 - 182/(-8) is divided by 13.
10
Let f be (-1)/(-3) + 112/24. Let x(c) = 2*c + 4. What is the remainder when x(f) is divided by 4?
2
Let k(y) = 3 + 5 + 3*y**2 - 3. Calculate the remainder when k(-4) is divided by 14.
11
Suppose a = 6*a - 10. Let g = 8 - 3. What is the remainder when g is divided by a?
1
Let j = 73 + -47. Calculate the remainder when 51 is divided by j.
25
Suppose -4*z - 20 = -4*c, -5*z - 6*c - 25 = -2*c. Let k(w) = -w**3 - 4*w**2 + 2*w - 5. Let j = 16 + 3. What is the remainder when j is divided by k(z)?
9
Let j = 112 - 50. What is the remainder when j is divided by 21?
20
Suppose 0 = 3*o - 31 - 59. Suppose -5*j + 2*j - 4*s + o = 0, -2*s + 50 = 4*j. Calculate the remainder when j is divided by 6.
2
Let i = -73 - -84. Calculate the remainder when 85 is divided by i.
8
Calculate the remainder when ((-18)/30*82)/((-2)/5) is divided by 31.
30
Suppose 3*v = -3 - 9. Calculate the remainder when (1 - 3)*(v + -7) is divided by 6.
4
Let w = 11 + -7. Suppose -n + 4*q = -8, 3*n - 4*q - 75 = -9*q. What is the remainder when 14 is divided by (16/10)/(w/n)?
6
Let s(f) = 14*f + 2. Calculate the remainder when s(1) is divided by 6.
4
Suppose -3*p - 5 + 3 = -4*u, 4*u - 38 = -3*p. Let i = p - -9. Suppose -5*w = 3*d - 40, -2 = w - 5*d - 10. What is the remainder when i is divided by w?
7
Let l(b) = b**2 + 2*b - 50. What is the remainder when l(7) is divided by 6?
1
Let p = -4 + 2. Let x(q) = 2*q**2 - 1. Calculate the remainder when 13 is divided by x(p).
6
Let t(v) = -v**2 + 9*v + 2. What is the remainder when 43 is divided by t(5)?
21
Suppose -w + 2*q = -80, 6*w - 2*w - 353 = -3*q. Suppose 4*s = w - 18. What is the remainder when 49 is divided by s?
15
Suppose -4*l + 120 = -4. What is the remainder when 90 is divided by l?
28
Let y = 24 + -9. Suppose -3*f - x = -3 + 16, -f - 15 = 3*x. Let z = f + y. What is the remainder when 34 is divided by z?
10
Let f = -29 + 47. Calculate the remainder when (32/3)/((-1)/(-3)) is divided by f.
14
Suppose g + 5*r = -8, -4*g + r + 22 = -3*g. Calculate the remainder when 64 is divided by g.
13
Suppose -7*v + 16 = -12. Calculate the remainder when 19 is divided by v.
3
What is the remainder when 10 is divided by 2 - (0 + 0 - 2)?
2
Let s be 0 + 2 + 0 + 0. Calculate the remainder when -1*s + 0 - -38 is divided by 19.
17
What is the remainder when (-3 + 4)*24 + -4 is divided by 7?
6
Let k(m) = m + 2. Calculate the remainder when 12 is divided by k(3).
2
Suppose 2*i = -3*i + 465. Suppose 0 = -5*v - 23 + i. Calculate the remainder when 40 is divided by v.
12
Suppose 0 = -2*b + 30 + 18. What is the remainder when 69 is divided by b?
21
Let z be ((-228)/14)/(4/28). Let q = 28 + z. Calculate the remainder when 61 is divided by (-2)/4 - q/4.
19
Suppose 4*l = -2*g + 42, -7*g + 2*g = 2*l - 25. Suppose -65 + 197 = 4*h + 4*a, -h + 5*a = -3. Calculate the remainder when h is divided by l.
8
Let c(z) = 2 + 5*z - 4 - 4*z. Let k be c(6). Suppose a - k*y - 17 = 0, 3*a - 4*y - 38 = -5*y. What is the remainder when a is divided by 7?
6
Suppose -113 = 3*x - 4*c + 185, -5*x + 5*c = 500. Let a = -53 - x. What is the remainder when a is divided by 10?
9
Suppose -2*l + 0*l = -28. Calculate the remainder when 55 is divided by l.
13
Suppose 0 = -h - 2*h. Suppose h = t - 26 - 14. What is the remainder when t is divided by 14?
12
What is the remainder when 20 is divided by ((-8)/6)/(3 - 87/27)?
2
Let r be 6/3 + (0 - 1). Let i be -2 + r - 6/(-2). Suppose i*g - 4*n = 8, 2*g = g - 2*n + 8. What is the remainder when 11 is divided by g?
5
Suppose 2*i + 24 = -i. Calculate the remainder when 45 is divided by i*((-3)/(-2))/(-1).
9
Suppose -3*f = 4*d - 19, -5*d - 2*f + 5*f = -17. Calculate the remainder when 7 is divided by d.
3
Let c be 5/(10/6) + 2. Let v(k) = -k**2 + 6*k + 7. Calculate the remainder when v(c) is divided by 2.
0
What is the remainder when 48 is divided by (-194)/(-10) - (-7)/((-35)/2)?
10
Let w be (-7 + 8)*(3 - 1). Suppose w - 20 = -2*b. Suppose 0 = -3*l + 4*q + 119, q - 3*q = l - 23. What is the remainder when l is divided by b?
6
Let k be 1 + 0 - (-1 - 0). Suppose -k = -o - 0. Suppose n - 5*n + 3*w = -22, -n - w + o = 0. Calculate the remainder when 7 is divided by n.
3
Suppose 2*l = 5*d + 219, -3*l = -0*l + 2*d - 376. What is the remainder when (-4)/10 - l/(-5) is divided by 13?
11
Suppose 2*t + 6*w - w = -13, 2*t = -2*w - 4. What is the remainder when t is divided by (-12)/(-15) + 2/10?
0
Suppose 98 = -4*v + 4*b - b, -4*v - 96 = -2*b. Let t = -13 - v. What is the remainder when 38 is divided by t?
8
Let z = -4 - -4. Suppose z*i - 7 = -i. What is the remainder when 13 is divided by i?
6
Let c = -12 + 27. Let o = -35 + 36. What is the remainder when 1*(30 - (o - 0)) is divided by c?
14
Suppose j + 2*j - 615 = 2*h, 0 = -j - 4*h + 205. What is the remainder when j is divided by 52?
49
Let j(c) be the first derivative of 17*c**3/3 + c**2/2 - c + 5. Calculate the remainder when 49 is divided by j(1).
15
Let l = -146 - -266. Suppose 3*u + 2*u - l = 0. What is the remainder when 69 is divided by u?
21
Let m be (-2)/8 + (-5)/(-20). Let c(z) = -2 + m - 2*z + 0*z. What is the remainder when c(-9) is divided by 6?
4
Let n = -18 - -44. Calculate the remainder when 103 is divided by n.
25
Let g(t) = t**2 - 2*t + 1. Let w be g(1). Suppose 0 = -w*j + 3*j + 5*l - 37, -5*j - 3*l = -67. Let r = 93 + -66. What is the remainder when r is divided by j?
13
Let m be (-4)/8 - (-3)/6. What is the remainder when 3 + m + -2 + 27 is divided by 10?
8
Calculate the remainder when (-4)/(-18) + (-1312)/(-9) - 4 is divided by 49.
44
Let a = 27 - 9. What is the remainder when a is divided by 0 + 16 + 5 + (-66)/6?
8
Let t = -3 - -14. Calculate the remainder when 41 is divided by t.
8
Let i = -2 - -16. Calculate the remainder when 27 is divided by i.
13
Let z(d) = 2*d**2 + 6*d + 7. Suppose 4*h + 5*y + 75 = 0, -3*h - 24 - 32 = 4*y. Let c be (h/8)/(2/4). What is the remainder when z(c) is divided by 15?
12
Let f(u) = -u**2 - 22*u - 44. Calculate the remainder when f(-18) is divided by 6.
4
Suppose -408 = -3*r + 5*g + 391, -2*r + 2*g = -526. Calculate the remainder when r is divided by 52.
50
Suppose -2*o - 184 = -6*o. Let p = -15 - -31. Calculate the remainder when o is divided by p.
14
Let m(i) = 2*i - 4 + 4 - 3 + 7*i**2 - 2*i**3 + i**3. Let a be m(8). Let g = a + 76. Calculate the remainder when g is divided by 14.
11
Let c = 6504 - 2912. Calculate the remainder when (-2)/(-11) + c/88 is divided by 11.
8
Let h(r) = 11*r**2 + 1. Let p be h(2). Suppose 0 = -4*u + 3*n + 76, -2*u + p - 7 = 5*n. Suppose -u = -3*i - 7. What is the remainder when 11 is divided by i?
3
Let h = 9 + -1. Let t(i) = -3*i - 6. What is the remainder when t(-6) is divided by h/1 + -1 - 0?
5
Suppose 0 = -20*q + 18*q + 4. What is the remainder when 8 is divided by q?
0
Suppose -2*a + 40 - 6 = 0. Let c(q) = 2*q**3 - 5*q**2 + q - 2. Calculate the remainder when c(4) is divided by a.
16
Let g be (0 + 10 + 0)*-1. Let a = g - -24. Calculate the remainder when 6/(4 + (-68)/18) is divided by a.
13
Suppose -5*t = -x - 48 + 116, -3*x + 5*t = -184. Suppose -3*i - 4*m = -7*m - 57, 4*m + x = 3*i. What is the remainder when i is divided by 7?
4
Suppose -4 = 3*l + c, -4*c + 4 = -2*c. Suppose y + 4*y + 25 = 0, 4*s - 61 = -3*y. Calculate the remainder when s is divided by 3 + 7 - l/2.
8
Let u = -3 + 16. Calculate the remainder when u is divided by 5.
3
Let h(f) = f**3 - 6*f**2 - 11*f + 2. Calculate the remainder when h(8) is divided by 15.
12
Suppose -2*z + 13 = -1. Let o(k) = -k**3 + 6*k**2 + 10*k - 5. Calculate the remainder when o(z) is divided by 9.
7
What is the remainder when 58/2 - (-4 - -3)*0 is divided by 15?
14
Let i = 56 + -41. Calculate the remainder when 73 is divided by i.
13
Suppose -2*o + 3*o - 69 = 0. Suppose 3*f - 100 + 25 = a, 5*f - 108 = -4*a. Calculate the remainder when o is divided by f.
21
Let z(r) = 59*r**3 + r